{"id":8570,"date":"2020-06-24T10:07:09","date_gmt":"2021-01-29T12:47:04","guid":{"rendered":"http:\/\/www.startledermoden.at\/?product=damen-lederjacke-3-4-lang-10"},"modified":"2024-09-30T10:41:26","modified_gmt":"2024-09-30T08:41:26","slug":"damen-lederjacke-3-4-lang-8","status":"publish","type":"product","link":"https:\/\/www.startledermoden.at\/?product=damen-lederjacke-3-4-lang-8","title":{"rendered":"Damen Lederjacke (3\/4 lang),TM94F"},"content":{"rendered":"<p>Souver\u00e4ner Mode-Auftritt f\u00fcr City und Business. Schlicht und edel im Styling. Figur-betonte Form. Reverskragen, 5-Knopf Verschluss, Teilungsn\u00e4hte, 2 paspelierten Eingriffstaschen, 2 Innentaschen.<br \/>\nHochwertiges Lamm-Veloursleder<br \/>\nInnenfutter 100% Polyester.<br \/>\nLeder Spezialreinigung.<\/p>\n<p><img loading=\"lazy\" decoding=\"async\" class=\"alignnone size-full wp-image-18798\" src=\"http:\/\/www.startledermoden.at\/wp-content\/uploads\/2020\/06\/TM94F-Masstabellecm.jpg\" alt=\"\" width=\"499\" height=\"548\" srcset=\"https:\/\/www.startledermoden.at\/wp-content\/uploads\/2020\/06\/TM94F-Masstabellecm.jpg 499w, https:\/\/www.startledermoden.at\/wp-content\/uploads\/2020\/06\/TM94F-Masstabellecm-450x494.jpg 450w, https:\/\/www.startledermoden.at\/wp-content\/uploads\/2020\/06\/TM94F-Masstabellecm-273x300.jpg 273w\" sizes=\"(max-width: 499px) 100vw, 499px\" \/><\/p>\n","protected":false},"excerpt":{"rendered":"<p>Damen Gehrock.<\/p>\n","protected":false},"featured_media":14194,"comment_status":"closed","ping_status":"closed","template":"","meta":[],"product_cat":[414,505,506,507,508,509,502,510,511,512,513,487,488,492,493,494,495,496,497,498,499,500,501,40,145],"product_tag":[],"class_list":{"0":"post-8570","1":"product","2":"type-product","3":"status-publish","4":"has-post-thumbnail","6":"product_cat-groesse","7":"product_cat-2xl-groesse","8":"product_cat-3xl","9":"product_cat-3xl-groesse","10":"product_cat-4xl","11":"product_cat-4xl-groesse","12":"product_cat-2xl","13":"product_cat-5xl","14":"product_cat-5xl-groesse","15":"product_cat-6xl","16":"product_cat-6xl-groesse","17":"product_cat-xxs","18":"product_cat-xxs-groesse","19":"product_cat-xs","20":"product_cat-xs-groesse","21":"product_cat-s","22":"product_cat-s-groesse","23":"product_cat-m","24":"product_cat-m-groesse","25":"product_cat-l","26":"product_cat-l-groesse","27":"product_cat-xl","28":"product_cat-xl-groesse","29":"product_cat-damen","30":"product_cat-damen-stark-taillierter-schnitt","31":"","33":"first","34":"instock","35":"taxable","36":"shipping-taxable","37":"purchasable","38":"product-type-variable","39":"has-default-attributes"},"_links":{"self":[{"href":"https:\/\/www.startledermoden.at\/index.php?rest_route=\/wp\/v2\/product\/8570"}],"collection":[{"href":"https:\/\/www.startledermoden.at\/index.php?rest_route=\/wp\/v2\/product"}],"about":[{"href":"https:\/\/www.startledermoden.at\/index.php?rest_route=\/wp\/v2\/types\/product"}],"replies":[{"embeddable":true,"href":"https:\/\/www.startledermoden.at\/index.php?rest_route=%2Fwp%2Fv2%2Fcomments&post=8570"}],"wp:featuredmedia":[{"embeddable":true,"href":"https:\/\/www.startledermoden.at\/index.php?rest_route=\/wp\/v2\/media\/14194"}],"wp:attachment":[{"href":"https:\/\/www.startledermoden.at\/index.php?rest_route=%2Fwp%2Fv2%2Fmedia&parent=8570"}],"wp:term":[{"taxonomy":"product_cat","embeddable":true,"href":"https:\/\/www.startledermoden.at\/index.php?rest_route=%2Fwp%2Fv2%2Fproduct_cat&post=8570"},{"taxonomy":"product_tag","embeddable":true,"href":"https:\/\/www.startledermoden.at\/index.php?rest_route=%2Fwp%2Fv2%2Fproduct_tag&post=8570"}],"curies":[{"name":"wp","href":"https:\/\/api.w.org\/{rel}","templated":true}]}}